 Let n(s) = s**3 + 7*s**2 + 9*s - 9. Let z(h) = -2*g(h) + n(h). Let y be z(7). Let v = y + 68. What is the units digit of v?
4
Let g(s) be the first derivative of -s**4/4 + 2*s**3 + 5*s**2/2 - 27*s - 15. Let i be g(6). What is the tens digit of ((-34)/10 - i)/((-10)/275)?
7
What is the hundreds digit of 16/152 + 10 + 169174/19?
9
Let m = -1365 - -1924. Let x = m - 86. What is the hundreds digit of x?
4
Suppose 23*b - 1224 = 17*b. What is the units digit of 6171/b + (-1)/4?
0
Suppose -6*u - u = 28. Let m be (-4 - -7 - 1) + u - -4. Suppose 0 = 4*p, -3*v - m*p = -0*p - 90. What is the tens digit of v?
3
Let d(m) = m**3 - 20*m**2 + 6*m + 1. What is the tens digit of d(30)?
8
Suppose 12*b - 367 = 17. What is the units digit of (-4)/b + (-37851)/(-88)?
0
Let s = 2 - -12. Suppose s*a = 9*a + 550. Let q = a - 74. What is the units digit of q?
6
Suppose 13*w - 1117 = 64091. What is the units digit of w?
6
Let u(i) = 2*i**2 - 49*i + 1392. What is the tens digit of u(-55)?
3
Suppose 21*o - 15*o + 1728 = 0. Let u = o - -353. What is the tens digit of u?
6
Suppose h = -5*f - 18, 0 = 2*f + 10 - 2. Suppose -3*g + 68 = -h*g. Suppose 0 = y + 3*z - 54, -5*y + 354 - g = -z. What is the tens digit of y?
5
Let m(d) = -425*d**3 - d**2 + 7*d + 8. Suppose -7 = 15*y + 8. What is the hundreds digit of m(y)?
4
Let z = -44 + 48. Suppose -431 = -z*t + 3*d, -4*d + 61 + 335 = 4*t. Suppose -t = 6*b - 896. What is the units digit of b?
2
Suppose -2*y - 1285 - 181 = 0. Let g = y + 1287. What is the tens digit of g?
5
Let d(u) = 132*u - 108. What is the tens digit of d(3)?
8
Let a be (-119)/(-9) + 8/(-36). Let k = a - 11. Suppose 0 = -4*h + 4*y + 472, 5*h + k*y - 181 - 388 = 0. What is the tens digit of h?
1
Suppose -846816 = -161*g + 65*g. What is the units digit of g?
1
Let j be -4 + 5 - (0 - 4). Suppose 6610 = 39*r - 34*r - j*g, 2*g = 8. What is the hundreds digit of r?
3
Let z(o) = -2*o**3 + 14*o**2 - 2*o + 8. Let s(g) = 3*g**3 - 27*g**2 + 3*g - 15. Let d(t) = 3*s(t) + 5*z(t). What is the units digit of d(-11)?
6
What is the units digit of 2*(4705 + (1 - 14))?
4
Suppose 0 = 3*g + 4*c - 8, 4*c + 16 = g + 2*c. Suppose g*v + 14 = 10*v. What is the units digit of v/((-35)/170)*-1?
4
What is the units digit of (-3004)/(-2) - (77 - 87)?
2
Suppose -q = 4*w - 5*w + 1902, 2*q + 1901 = w. Suppose 2*o + l = w - 476, -l - 718 = -o. What is the tens digit of o?
1
Let b be (-98)/2*4/(-2). Suppose 0 = 4*k + 2*v - 128, 69*k + 35 = 70*k - v. Suppose k = -g + b. What is the units digit of g?
5
What is the units digit of ((159715/(-119))/(2/(-7)))/(2/20)?
5
Suppose 5*v + 10 = -5*v. What is the units digit of 1*-421*(v - 0)?
1
Let i = -11605 + 12041. What is the units digit of i?
6
Suppose -25 = 5*q - 45. Suppose 1681 = 3*w + d + d, -4*d - 2208 = -q*w. Suppose 4*y = 5*i - 0*y - w, i - 121 = 4*y. What is the tens digit of i?
0
Let u = 77 + -74. Suppose -h = -3*v - 134, 3*h + u*v - 67 = 383. Let s = h + -88. What is the tens digit of s?
5
Suppose 2*u = 3*x + 693, -1725 = -5*u - 5*x - 55. Suppose -u*m + 712 = -337*m. What is the units digit of m?
6
Let j(a) = -60*a**3 - 4*a**2 + 68*a - 6. What is the ten thousands digit of j(-8)?
2
Let i = 127 + -125. Let f(z) = -3*z + z**2 + 0*z + 4*z**i - 2*z**2 + 6. What is the units digit of f(-7)?
4
Suppose -2*d - q - 82 = -4*d, -4*q = 5*d - 231. Let n = d + 433. What is the hundreds digit of n?
4
Let d(p) = p**2 - 6*p - 11. Let n be d(7). What is the units digit of ((-82)/n)/((-2)/(-4))?
1
Let x be ((-12)/(-4))/((-3)/(-50)). Let l = x + -38. What is the tens digit of l/(-8) - 260/(-8)?
3
Suppose 0 = 14*t + 3*t - 4233. Let h = t + -56. What is the hundreds digit of h?
1
Let m(d) = -131*d + 721. What is the units digit of m(-47)?
8
Let n be (-27)/(-2) + (68/8)/(-17). Suppose -308 = 2*d - n*d. Suppose d - 164 = -4*s. What is the units digit of s?
4
Suppose -2*x = 3*s - 721, -4*s = s - 25. Let j = x - 225. Let o = 238 - j. What is the hundreds digit of o?
1
Suppose -12*p - 993 = 1263. Let r = -36 - p. What is the units digit of r?
2
Let j(i) = 5*i**2 - 71*i + 296. What is the hundreds digit of j(26)?
8
Let a be 3*(-5 + -2*(4 - -227)). Let k = 2725 + a. What is the hundreds digit of k?
3
Let z(d) = -d**2 - 11*d - 28. Let t be z(-4). Suppose -2*y - w + 3696 = t, 0 = y - 0*y + 5*w - 1839. What is the hundreds digit of y?
8
Suppose 3 = 15*r - 27. Suppose 0 = 2*f + 6, 3*s + r*f - 473 = 1579. What is the tens digit of s?
8
Suppose -348*i = -350*i + 18. What is the tens digit of (-354)/i*(9 + -15)?
3
Suppose -1156953 = 67*c - 4975953. What is the units digit of c?
0
Let x be 3/(((-3)/12)/((-3)/4)). Let l be (-2)/x - (4 + (-152)/36). Suppose l = -3*v + 74 + 175. What is the units digit of v?
3
Suppose -2*u + 10 = 0, -52*c = -55*c - 4*u + 21995. What is the thousands digit of c?
7
Let i = -3 + 78. Suppose -8*h + i = -45. What is the units digit of h?
5
Let v(c) be the third derivative of 43*c**5/60 - c**4/6 - 5*c**3/6 + 29*c**2. Suppose -2 = -2*w - f, 5*w + 0*w - f = -9. What is the tens digit of v(w)?
4
Suppose -5*w = -2*w + 4*j - 151381, -5*w - 5*j = -252310. What is the thousands digit of w?
0
Let s(v) = -97*v + 24. Let p be s(-10). Let h = p - 637. What is the units digit of h?
7
Let s(k) = 4*k**2 + 39*k - 378. What is the hundreds digit of s(11)?
5
Let x(l) = -73*l + 164. Let v be x(-15). Suppose -3*w + 4*z + v + 1032 = 0, 5*w - 2*z = 3837. What is the tens digit of w?
6
Let h = 547 - 1680. Let p = h + 2086. What is the units digit of p?
3
Let k = 31865 + -10411. Suppose -k = -41*z + 6016. What is the hundreds digit of z?
6
Let n = 119154 - 76956. What is the units digit of n?
8
Let s be ((-22)/6 - (0 - 3))*6. Let n be (s/(-10))/(((-4)/(-85))/4). Let x = 63 + n. What is the tens digit of x?
9
Let i(v) = 3*v**3 - 3*v**2 - 2*v + 2. Let l(u) = 3*u + 15. Let h = 28 + -32. Let a be l(h). What is the units digit of i(a)?
0
Let i be (19/3 + -2)/(5/30). Let b be ((-8)/(-6))/(5 - i/6). What is the units digit of b/(-6) + 3/(-9)*-343?
4
Let o = -40851 + 92616. What is the hundreds digit of o?
7
Let q(b) = -57*b + 15. Let s(n) = -n**3 - 8*n**2 - 13*n + 3. Let w be s(-5). What is the units digit of q(w)?
4
Suppose 45916948 = 297*a + 305*a. What is the tens digit of a?
7
Let x be ((-2)/4*2)/1. What is the units digit of (x - 57)*-3*(-3)/(-9)?
8
Let l(j) = 2*j - 14. Let m = 27 + -17. Let z be l(m). Suppose -a + z = i, 3*a + a = i + 9. What is the units digit of a?
3
Let s(f) = f**3 + 86*f**2 + 42*f - 137. What is the units digit of s(-77)?
0
Suppose -10*n = -37*n + 54. Let b be (-178)/(-26) - 14/(-91). Suppose -n*u = b*u - 396. What is the units digit of u?
4
What is the hundreds digit of (-6 - (-4)/(44/(-495)))/(1/(-179))?
1
Suppose 2*o + 17416 = 9*i - 5*i, o + 4 = 0. What is the tens digit of i?
5
Let f be (-4)/(-6)*(10 + -13). Let j be 3*(-5)/(-3) - (1 - f). Let i(w) = 5*w**3 + 7*w**2 - 4*w - 2. What is the units digit of i(j)?
8
Let k(y) = -49234*y + 499. What is the hundreds digit of k(-1)?
7
Let g be -2 - ((-2)/1 - 0). Suppose 25 = -5*q, -2*o + 4*q - 393 + 1519 = g. What is the units digit of o?
3
Let a = 2413 + 18236. What is the units digit of a?
9
Suppose -144*n + 141*n - 3 = 0. What is the units digit of ((-5)/(-3) - 2)*3*n?
1
Let z be 270/12 - 4 - (-3)/(-6). Suppose z*f = 3589 + 101. What is the tens digit of f?
0
Let q be (1/(-6))/((-2)/(-6))*8. Let u be -1 + q + 3 + 0. Let d(a) = 27*a**2 - a - 1. What is the hundreds digit of d(u)?
1
Suppose -u = d - 1, -u - 1 = 2*d - 7. Suppose l + 297 = d*g, -5*g + 309 = -0*g + 3*l. What is the units digit of g?
0
Let w = -2 - -6. Suppose 10*a - 918 = w*a. What is the tens digit of a?
5
Let a(k) = k**2 + 10*k + 12. Let f be a(-14). Suppose -m + f - 24 = 0. What is the units digit of m?
4
Let y be 4/(-2 - 648/(-321)). Let f = -30 - -30. Suppose 3*b - 209 = -4*c, f = -3*b - 0*b + c + y. What is the tens digit of b?
7
Let l be 6/(-45) + 2/15. Suppose 5*m + 91 - 1541 = l. Suppose 0 = 5*f - 2*b + 4*b - 465, -b = -3*f + m. What is the tens digit of f?
9
Let y(h) = -h**2 - 22*h - 18. Let k be y(-13). Suppose 2*g = -k - 4061. What is the hundreds digit of (24/(-10))/(12/g*4)?
1
Suppose -158 = l - 5. Let q = 778 - l. What is the hundreds digit of q?
9
Let t(z) be the first derivative of -z**4/24 + 7*z**3/3 + 7*z**2/2 - 24. Let r(l) be